 What is the highest common factor of 5 and d?
5
Let q = 1339 - 1296. Calculate the highest common factor of q and 3483.
43
Let r(l) = -3*l**2 + 2*l + 2. Let v be r(2). Let x(i) = -4*i + 6. Let h be x(v). Let c = -18 + h. What is the highest common divisor of 132 and c?
12
Suppose -9*j = 697 - 787. Calculate the highest common factor of j and 155.
5
Suppose 0 = -6*w + 4281 + 2115. What is the highest common divisor of 82 and w?
82
Let z(d) = 4*d + 112. Let v be z(12). Calculate the highest common divisor of 120 and v.
40
Suppose 5*m - u = 3*u + 4801, 3*m + 4*u = 2887. Suppose 5*n - m = -3*p, 0*n - 5 = 5*n. What is the highest common divisor of 46 and p?
46
Suppose -3*a = 5*y - 684, y + 8*a = 3*a + 150. Let p be (1 + -11)/((-1)/1*(-12)/(-18)). What is the greatest common factor of p and y?
15
Let b be (16/(-10) - 2/5) + 10. Suppose -4 - b = -3*z. Calculate the highest common divisor of z and 64.
4
Let d be 30*(62/93 - 14/(-15)). Let h(c) = 2*c**2 + 4*c - 6. Let u be h(7). Calculate the highest common divisor of u and d.
24
Suppose -4*l = -9*l + 80. Suppose 0 = -2*s - 3*g + 18, -2 - 5 = 3*s - 4*g. Suppose -24 = -s*r - 0. Calculate the greatest common factor of r and l.
8
Let a = -552 + 618. Calculate the greatest common divisor of 176 and a.
22
Suppose 2*j + 2 = 10. Let l be 8/(-3 - 39/(-12)). Let v = l + -30. What is the highest common divisor of j and v?
2
Suppose -295 = -11*h - 75. Suppose 3*b = -3*s + 552, 4*b + 6*s - 740 = s. Calculate the highest common factor of b and h.
20
Let i = 27 + -9. Suppose 0 = -b + 102 - 21. What is the greatest common factor of i and b?
9
Let d be 2 - 3*-2*(8 + -5). Calculate the greatest common factor of 200 and d.
20
Let l be 3/(-6) - (-222)/12. Let u(n) = n**2 - 7*n + 2. Let h be u(6). Let j = l + h. What is the greatest common factor of 140 and j?
14
Suppose -4*n = t - 4, n + 4 = t + 3*n. Calculate the greatest common factor of t and 132.
4
Let q be (-14)/(-77) - 106/(-22). Let i = 3 - q. Let p be (-1 + (-3)/i)*10. Calculate the highest common divisor of p and 50.
5
Let i = 74 - -70. What is the greatest common divisor of 9 and i?
9
Suppose -21*j + 230 + 274 = 0. Calculate the greatest common factor of j and 108.
12
Let g be (-435)/(-21) + 6/21. Let a = -1 - -4. Calculate the greatest common factor of g and a.
3
Let f = -891 - -947. What is the highest common factor of f and 126?
14
Let c(d) = -14*d - 1. Suppose 3*u + 47 = -4. Let l be u/4 + (-5)/(-20). Let f be c(l). What is the highest common divisor of f and 11?
11
Let y(z) = -z**2 - 5*z - 36. Let a be y(0). Let t = a + 65. Calculate the greatest common factor of 87 and t.
29
Let u = 111 - 45. Calculate the highest common factor of 6 and u.
6
Let r = -68 - -47. Let k(d) = -3*d**3 + 3*d**2 - 2*d + 2. Let h be k(2). Let b = h - r. What is the greatest common divisor of 42 and b?
7
Let h = 66 + -4. Let t = h - -26. What is the highest common factor of t and 8?
8
Let i(w) = 9*w + 50. Let z be i(-4). Calculate the highest common divisor of 98 and z.
14
Let n(r) = r**3 + 12*r**2 - 14*r + 26. Let c be n(-13). What is the greatest common factor of 351 and c?
39
Suppose -3*x + 325 = -0*i + 2*i, 3*x - 4*i - 349 = 0. What is the highest common factor of x and 296?
37
Let r be 7 - 36*-9 - -2. Calculate the greatest common factor of 74 and r.
37
Let n(x) = -99*x. Let m be n(-1). Let q be (9 - (-8)/(-4)) + (4 - 0). Calculate the greatest common divisor of q and m.
11
Let m(c) = c + 33. Let j be m(-11). What is the highest common divisor of j and 594?
22
Let b be -12 + 1788/(-24)*-2. Calculate the highest common divisor of 2466 and b.
137
Let k(g) = 33*g - 3. Let q be k(2). Let y(i) = -2*i**3 - 4*i**2 - 6*i - 5. Let d be y(-2). What is the greatest common divisor of d and q?
7
Let i = -252 + 658. Calculate the greatest common divisor of i and 29.
29
Let o(n) = n**3 + 5*n**2 - 2*n + 2. Let s be o(-5). Suppose 0 = -79*h + 77*h + 96. What is the greatest common factor of s and h?
12
Suppose 3*p + 872 = 3*l + p, -p + 1462 = 5*l. Suppose -2*s - 90 + l = 0. Suppose -2*z + s = -51. Calculate the greatest common factor of 19 and z.
19
Suppose -2*g + 54 = 16. Let o = g - 19. Suppose -j + 3*n + 13 = -o*n, -5 = j + 3*n. What is the greatest common divisor of 28 and j?
4
Let s(i) = -157*i + 792. Let z be s(5). What is the highest common factor of z and 581?
7
Suppose 0 = -n - 1225 + 1245. Calculate the greatest common divisor of 250 and n.
10
Let q = 47 + -50. Let t be 144/q*(-1)/(-6)*-2. Calculate the highest common divisor of 2 and t.
2
Let v(a) = a**3 + 42*a**2 + 84*a + 212. Let i be v(-40). Calculate the highest common divisor of 416 and i.
52
Suppose -3*i - 2*x = 298, x + x = -4. Let a = 252 + i. What is the greatest common factor of 22 and a?
22
Let c = 56 + -52. Let f = -15 + 21. Suppose f*y = -a + 7*y + 16, 4*a - 32 = -c*y. What is the greatest common factor of a and 4?
4
Let m(h) = h**3 + 9*h**2 + 2*h + 30. Let x be m(-9). Calculate the greatest common divisor of x and 132.
12
Let u be ((-5112)/40)/(12/(-20)). What is the greatest common factor of u and 6?
3
Suppose -o - 3*o + 132 = 0. Let u(z) = 3*z - 12. Suppose 7*l = l + 30. Let q be u(l). Calculate the greatest common factor of q and o.
3
Let u be 194/14 - (6 - 215/35). What is the greatest common factor of u and 728?
14
Suppose 105 - 5 = 2*l + 5*c, l + 5*c - 45 = 0. Calculate the highest common factor of l and 2915.
55
Suppose 0 = -48*q + 36*q + 336. What is the highest common divisor of 4 and q?
4
Let a(x) = x**2 - 27*x + 243. Let b be a(24). Calculate the highest common divisor of b and 99.
9
Let m(d) = -d**2 + 13*d + 5. Let i be m(6). Let o = i + -31. Suppose 4*q = o, -3*w + 2*q + 20 = -2. What is the highest common factor of w and 1?
1
Let y be 247 - (-4 - -4 - -4). Suppose 4*v = 16, -4*o + y = -v + 663. Let h = 216 + o. What is the greatest common divisor of h and 14?
14
Let m be 120 - ((-4)/1 + 5). Let v be (-6)/(3*(-1)/34). Suppose v = -g + 5*g. Calculate the greatest common divisor of m and g.
17
Let w be (-204)/(9/((-72)/16)). Calculate the highest common factor of w and 68.
34
Let r = 28 + -22. Suppose r = 9*c - 6*c. Suppose 3*v - 95 = -c*v - 3*k, -k - 27 = -2*v. Calculate the greatest common factor of v and 2.
2
Suppose -u + 0 = 4*x - 9, u - 4*x = 17. Calculate the highest common factor of 1573 and u.
13
Suppose 16 = 4*d + 4. What is the greatest common factor of d and 40?
1
Let o be (-6)/33 - 3*(-20360)/165. Calculate the greatest common divisor of o and 296.
74
Let b = 16 - 8. Suppose -30*a = u - 33*a - 137, 0 = -4*u - 2*a + 506. Calculate the greatest common factor of u and b.
8
Let o be (-60)/(-36)*(0 + 3). Let p(t) = -t**2 - 5*t + 1. Let s be p(-5). Calculate the greatest common factor of s and o.
1
Let j = -47 + -24. Let o = j + 107. What is the greatest common divisor of 12 and o?
12
Let h be ((-18)/(-8))/(35/140). What is the greatest common divisor of 747 and h?
9
Suppose 3*w - 45 = -w + 3*s, 0 = 3*w + 4*s - 40. Let l be 81/w*16/6. Calculate the highest common factor of 126 and l.
18
Let k(a) = -a**3 - 7*a**2 + 18*a + 140. Let c be k(-8). Calculate the greatest common divisor of 260 and c.
20
Let q(a) = 2*a**2 - 9*a - 3. Suppose -4*c - 49 = -13. Let z be q(c). Suppose -u = -5*u + z. Calculate the highest common factor of 12 and u.
12
Let t(w) = -w. Let s be (2/5 - 1)/(7/35). Let n be t(s). What is the greatest common divisor of 3 and n?
3
Suppose -f + 0 = -10. Let v be (12/(-9))/((-8)/60). Let g = -5 + v. Calculate the greatest common factor of f and g.
5
Let n(s) = -3*s**2 - 17*s - 15. Let q be n(-6). Let p be ((-18)/q)/((-1)/(-63)*3). Calculate the greatest common factor of 54 and p.
18
Suppose 3*g + a = -0*g - 10, 18 = -g - 4*a. Let i be (-16)/(-3) + 4/6. Let o = g + i. What is the greatest common factor of o and 32?
4
Suppose 2*d - y = 1271, 0 = -2*d + d + 4*y + 653. Suppose 12*m - d - 387 = 0. Calculate the highest common factor of 17 and m.
17
Suppose 6931 - 2134 = 13*p. What is the highest common divisor of 1353 and p?
123
Let p = -1302 - -1340. What is the highest common divisor of p and 19?
19
Suppose -3*s + n + 802 = 0, -n = -0*s - 2*s + 535. Let d = s - 186. Let a = 246 - d. Calculate the greatest common divisor of a and 15.
15
Suppose 10*c - 494 = -224. What is the greatest common 